{"id":93,"date":"2023-03-15T14:53:52","date_gmt":"2023-03-15T14:53:52","guid":{"rendered":"https:\/\/xn--gebudereinigung-shahham-x7b.de\/?page_id=93"},"modified":"2023-04-05T00:04:57","modified_gmt":"2023-04-05T00:04:57","slug":"kontaktiere-uns","status":"publish","type":"page","link":"https:\/\/xn--gebudereinigung-shahham-x7b.de\/index.php\/kontaktiere-uns\/","title":{"rendered":"Kontaktieren Sie uns"},"content":{"rendered":"\t\t<div data-elementor-type=\"wp-page\" data-elementor-id=\"93\" class=\"elementor elementor-93\">\n\t\t\t\t\t\t<section class=\"elementor-section elementor-top-section elementor-element elementor-element-53f4b4ac elementor-section-boxed elementor-section-height-default elementor-section-height-default\" data-id=\"53f4b4ac\" data-element_type=\"section\" data-e-type=\"section\" data-settings=\"{&quot;background_background&quot;:&quot;classic&quot;}\">\n\t\t\t\t\t\t<div class=\"elementor-container elementor-column-gap-default\">\n\t\t\t\t\t<div class=\"elementor-column elementor-col-100 elementor-top-column elementor-element elementor-element-403e70dc\" data-id=\"403e70dc\" data-element_type=\"column\" data-e-type=\"column\">\n\t\t\t<div class=\"elementor-widget-wrap elementor-element-populated\">\n\t\t\t\t\t\t<div class=\"elementor-element elementor-element-5ea3c4dd elementor-widget elementor-widget-heading\" data-id=\"5ea3c4dd\" data-element_type=\"widget\" data-e-type=\"widget\" data-widget_type=\"heading.default\">\n\t\t\t\t<div class=\"elementor-widget-container\">\n\t\t\t\t\t<h5 class=\"elementor-heading-title elementor-size-default\">kostenlosen Kostenvoranschlag erhalten<\/h5>\t\t\t\t<\/div>\n\t\t\t\t<\/div>\n\t\t\t\t<div class=\"elementor-element elementor-element-79d8a7fb elementor-widget elementor-widget-heading\" data-id=\"79d8a7fb\" data-element_type=\"widget\" data-e-type=\"widget\" data-widget_type=\"heading.default\">\n\t\t\t\t<div class=\"elementor-widget-container\">\n\t\t\t\t\t<h2 class=\"elementor-heading-title elementor-size-default\">Z\u00f6gern Sie nicht, uns zu kontaktieren<\/h2>\t\t\t\t<\/div>\n\t\t\t\t<\/div>\n\t\t\t\t<div class=\"elementor-element elementor-element-43558f14 elementor-widget elementor-widget-spacer\" data-id=\"43558f14\" data-element_type=\"widget\" data-e-type=\"widget\" data-widget_type=\"spacer.default\">\n\t\t\t\t<div class=\"elementor-widget-container\">\n\t\t\t\t\t\t\t<div class=\"elementor-spacer\">\n\t\t\t<div class=\"elementor-spacer-inner\"><\/div>\n\t\t<\/div>\n\t\t\t\t\t\t<\/div>\n\t\t\t\t<\/div>\n\t\t\t\t<section class=\"elementor-section elementor-inner-section elementor-element elementor-element-75afbdfa elementor-reverse-tablet elementor-section-content-middle elementor-section-boxed elementor-section-height-default elementor-section-height-default\" data-id=\"75afbdfa\" data-element_type=\"section\" data-e-type=\"section\">\n\t\t\t\t\t\t<div class=\"elementor-container elementor-column-gap-default\">\n\t\t\t\t\t<div class=\"elementor-column elementor-col-100 elementor-inner-column elementor-element elementor-element-4c1ec2b2\" data-id=\"4c1ec2b2\" data-element_type=\"column\" data-e-type=\"column\">\n\t\t\t<div class=\"elementor-widget-wrap elementor-element-populated\">\n\t\t\t\t\t\t<div class=\"elementor-element elementor-element-281d4bcb elementor-position-inline-start elementor-view-default elementor-mobile-position-block-start elementor-widget elementor-widget-icon-box\" data-id=\"281d4bcb\" data-element_type=\"widget\" data-e-type=\"widget\" data-widget_type=\"icon-box.default\">\n\t\t\t\t<div class=\"elementor-widget-container\">\n\t\t\t\t\t\t\t<div class=\"elementor-icon-box-wrapper\">\n\n\t\t\t\t\t\t<div class=\"elementor-icon-box-icon\">\n\t\t\t\t<span  class=\"elementor-icon\">\n\t\t\t\t<i aria-hidden=\"true\" class=\"icon icon-phone1\"><\/i>\t\t\t\t<\/span>\n\t\t\t<\/div>\n\t\t\t\n\t\t\t\t\t\t<div class=\"elementor-icon-box-content\">\n\n\t\t\t\t\t\t\t\t\t<h5 class=\"elementor-icon-box-title\">\n\t\t\t\t\t\t<span  >\n\t\t\t\t\t\t\tPhone\t\t\t\t\t\t<\/span>\n\t\t\t\t\t<\/h5>\n\t\t\t\t\n\t\t\t\t\t\t\t\t\t<p class=\"elementor-icon-box-description\">\n\t\t\t\t\t\t01729145658\t\t\t\t\t<\/p>\n\t\t\t\t\n\t\t\t<\/div>\n\t\t\t\n\t\t<\/div>\n\t\t\t\t\t\t<\/div>\n\t\t\t\t<\/div>\n\t\t\t\t<div class=\"elementor-element elementor-element-24072200 elementor-position-inline-start elementor-view-default elementor-mobile-position-block-start elementor-widget elementor-widget-icon-box\" data-id=\"24072200\" data-element_type=\"widget\" data-e-type=\"widget\" data-widget_type=\"icon-box.default\">\n\t\t\t\t<div class=\"elementor-widget-container\">\n\t\t\t\t\t\t\t<div class=\"elementor-icon-box-wrapper\">\n\n\t\t\t\t\t\t<div class=\"elementor-icon-box-icon\">\n\t\t\t\t<span  class=\"elementor-icon\">\n\t\t\t\t<i aria-hidden=\"true\" class=\"icon icon-envelope1\"><\/i>\t\t\t\t<\/span>\n\t\t\t<\/div>\n\t\t\t\n\t\t\t\t\t\t<div class=\"elementor-icon-box-content\">\n\n\t\t\t\t\t\t\t\t\t<h5 class=\"elementor-icon-box-title\">\n\t\t\t\t\t\t<span  >\n\t\t\t\t\t\t\tEmail\t\t\t\t\t\t<\/span>\n\t\t\t\t\t<\/h5>\n\t\t\t\t\n\t\t\t\t\t\t\t\t\t<p class=\"elementor-icon-box-description\">\n\t\t\t\t\t\tinfo@geb\u00e4udereinigung-shahham.de\t\t\t\t\t<\/p>\n\t\t\t\t\n\t\t\t<\/div>\n\t\t\t\n\t\t<\/div>\n\t\t\t\t\t\t<\/div>\n\t\t\t\t<\/div>\n\t\t\t\t\t<\/div>\n\t\t<\/div>\n\t\t\t\t\t<\/div>\n\t\t<\/section>\n\t\t\t\t\t<\/div>\n\t\t<\/div>\n\t\t\t\t\t<\/div>\n\t\t<\/section>\n\t\t\t\t<\/div>\n\t\t","protected":false},"excerpt":{"rendered":"<p>kostenlosen Kostenvoranschlag erhalten Z\u00f6gern Sie nicht, uns zu kontaktieren Phone 01729145658 Email info@geb\u00e4udereinigung-shahham.de<\/p>\n","protected":false},"author":1,"featured_media":0,"parent":0,"menu_order":0,"comment_status":"closed","ping_status":"closed","template":"","meta":{"om_disable_all_campaigns":false,"_monsterinsights_skip_tracking":false,"_monsterinsights_sitenote_active":false,"_monsterinsights_sitenote_note":"","_monsterinsights_sitenote_category":0,"site-sidebar-layout":"no-sidebar","site-content-layout":"page-builder","ast-site-content-layout":"default","site-content-style":"default","site-sidebar-style":"default","ast-global-header-display":"","ast-banner-title-visibility":"","ast-main-header-display":"","ast-hfb-above-header-display":"","ast-hfb-below-header-display":"","ast-hfb-mobile-header-display":"","site-post-title":"disabled","ast-breadcrumbs-content":"","ast-featured-img":"disabled","footer-sml-layout":"","ast-disable-related-posts":"","theme-transparent-header-meta":"","adv-header-id-meta":"","stick-header-meta":"","header-above-stick-meta":"","header-main-stick-meta":"","header-below-stick-meta":"","astra-migrate-meta-layouts":"default","ast-page-background-enabled":"default","ast-page-background-meta":{"desktop":{"background-color":"var(--ast-global-color-4)","background-image":"","background-repeat":"repeat","background-position":"center center","background-size":"auto","background-attachment":"scroll","background-type":"","background-media":"","overlay-type":"","overlay-color":"","overlay-opacity":"","overlay-gradient":""},"tablet":{"background-color":"","background-image":"","background-repeat":"repeat","background-position":"center center","background-size":"auto","background-attachment":"scroll","background-type":"","background-media":"","overlay-type":"","overlay-color":"","overlay-opacity":"","overlay-gradient":""},"mobile":{"background-color":"","background-image":"","background-repeat":"repeat","background-position":"center center","background-size":"auto","background-attachment":"scroll","background-type":"","background-media":"","overlay-type":"","overlay-color":"","overlay-opacity":"","overlay-gradient":""}},"ast-content-background-meta":{"desktop":{"background-color":"var(--ast-global-color-5)","background-image":"","background-repeat":"repeat","background-position":"center center","background-size":"auto","background-attachment":"scroll","background-type":"","background-media":"","overlay-type":"","overlay-color":"","overlay-opacity":"","overlay-gradient":""},"tablet":{"background-color":"var(--ast-global-color-5)","background-image":"","background-repeat":"repeat","background-position":"center center","background-size":"auto","background-attachment":"scroll","background-type":"","background-media":"","overlay-type":"","overlay-color":"","overlay-opacity":"","overlay-gradient":""},"mobile":{"background-color":"var(--ast-global-color-5)","background-image":"","background-repeat":"repeat","background-position":"center center","background-size":"auto","background-attachment":"scroll","background-type":"","background-media":"","overlay-type":"","overlay-color":"","overlay-opacity":"","overlay-gradient":""}},"footnotes":""},"class_list":["post-93","page","type-page","status-publish","hentry"],"yoast_head":"<!-- This site is optimized with the Yoast SEO plugin v27.3 - https:\/\/yoast.com\/product\/yoast-seo-wordpress\/ -->\n<title>Kontaktieren Sie uns - Shahham f\u00fcr Geb\u00e4udereinigung<\/title>\n<meta name=\"robots\" content=\"index, follow, max-snippet:-1, max-image-preview:large, max-video-preview:-1\" \/>\n<link rel=\"canonical\" href=\"https:\/\/xn--gebudereinigung-shahham-x7b.de\/index.php\/kontaktiere-uns\/\" \/>\n<meta property=\"og:locale\" content=\"en_US\" \/>\n<meta property=\"og:type\" content=\"article\" \/>\n<meta property=\"og:title\" content=\"Kontaktieren Sie uns - Shahham f\u00fcr Geb\u00e4udereinigung\" \/>\n<meta property=\"og:description\" content=\"kostenlosen Kostenvoranschlag erhalten Z\u00f6gern Sie nicht, uns zu kontaktieren Phone 01729145658 Email info@geb\u00e4udereinigung-shahham.de\" \/>\n<meta property=\"og:url\" content=\"https:\/\/xn--gebudereinigung-shahham-x7b.de\/index.php\/kontaktiere-uns\/\" \/>\n<meta property=\"og:site_name\" content=\"Shahham f\u00fcr Geb\u00e4udereinigung\" \/>\n<meta property=\"article:modified_time\" content=\"2023-04-05T00:04:57+00:00\" \/>\n<meta name=\"twitter:card\" content=\"summary_large_image\" \/>\n<script type=\"application\/ld+json\" class=\"yoast-schema-graph\">{\"@context\":\"https:\\\/\\\/schema.org\",\"@graph\":[{\"@type\":\"WebPage\",\"@id\":\"https:\\\/\\\/xn--gebudereinigung-shahham-x7b.de\\\/index.php\\\/kontaktiere-uns\\\/\",\"url\":\"https:\\\/\\\/xn--gebudereinigung-shahham-x7b.de\\\/index.php\\\/kontaktiere-uns\\\/\",\"name\":\"Kontaktieren Sie uns - Shahham f\u00fcr Geb\u00e4udereinigung\",\"isPartOf\":{\"@id\":\"https:\\\/\\\/xn--gebudereinigung-shahham-x7b.de\\\/#website\"},\"datePublished\":\"2023-03-15T14:53:52+00:00\",\"dateModified\":\"2023-04-05T00:04:57+00:00\",\"breadcrumb\":{\"@id\":\"https:\\\/\\\/xn--gebudereinigung-shahham-x7b.de\\\/index.php\\\/kontaktiere-uns\\\/#breadcrumb\"},\"inLanguage\":\"en-US\",\"potentialAction\":[{\"@type\":\"ReadAction\",\"target\":[\"https:\\\/\\\/xn--gebudereinigung-shahham-x7b.de\\\/index.php\\\/kontaktiere-uns\\\/\"]}]},{\"@type\":\"BreadcrumbList\",\"@id\":\"https:\\\/\\\/xn--gebudereinigung-shahham-x7b.de\\\/index.php\\\/kontaktiere-uns\\\/#breadcrumb\",\"itemListElement\":[{\"@type\":\"ListItem\",\"position\":1,\"name\":\"Home\",\"item\":\"https:\\\/\\\/xn--gebudereinigung-shahham-x7b.de\\\/\"},{\"@type\":\"ListItem\",\"position\":2,\"name\":\"Kontaktieren Sie uns\"}]},{\"@type\":\"WebSite\",\"@id\":\"https:\\\/\\\/xn--gebudereinigung-shahham-x7b.de\\\/#website\",\"url\":\"https:\\\/\\\/xn--gebudereinigung-shahham-x7b.de\\\/\",\"name\":\"Shahham F\u00fcr Geb\u00e4udereinigung\",\"description\":\"Shahham f\u00fcr Geb\u00e4udereinigung ist Ihr professioneller Geb\u00e4udereinigungsdienstleister. Wir bieten Ihnen einen umfassenden Service f\u00fcr alle Arten von Reinigungen\",\"publisher\":{\"@id\":\"https:\\\/\\\/xn--gebudereinigung-shahham-x7b.de\\\/#organization\"},\"potentialAction\":[{\"@type\":\"SearchAction\",\"target\":{\"@type\":\"EntryPoint\",\"urlTemplate\":\"https:\\\/\\\/xn--gebudereinigung-shahham-x7b.de\\\/?s={search_term_string}\"},\"query-input\":{\"@type\":\"PropertyValueSpecification\",\"valueRequired\":true,\"valueName\":\"search_term_string\"}}],\"inLanguage\":\"en-US\"},{\"@type\":\"Organization\",\"@id\":\"https:\\\/\\\/xn--gebudereinigung-shahham-x7b.de\\\/#organization\",\"name\":\"Shahham F\u00fcr Geb\u00e4udereinigung\",\"url\":\"https:\\\/\\\/xn--gebudereinigung-shahham-x7b.de\\\/\",\"logo\":{\"@type\":\"ImageObject\",\"inLanguage\":\"en-US\",\"@id\":\"https:\\\/\\\/xn--gebudereinigung-shahham-x7b.de\\\/#\\\/schema\\\/logo\\\/image\\\/\",\"url\":\"https:\\\/\\\/xn--gebudereinigung-shahham-x7b.de\\\/wp-content\\\/uploads\\\/2023\\\/03\\\/559D9918-3B2D-4F88-B318-41294622A6E7.png\",\"contentUrl\":\"https:\\\/\\\/xn--gebudereinigung-shahham-x7b.de\\\/wp-content\\\/uploads\\\/2023\\\/03\\\/559D9918-3B2D-4F88-B318-41294622A6E7.png\",\"width\":648,\"height\":1012,\"caption\":\"Shahham F\u00fcr Geb\u00e4udereinigung\"},\"image\":{\"@id\":\"https:\\\/\\\/xn--gebudereinigung-shahham-x7b.de\\\/#\\\/schema\\\/logo\\\/image\\\/\"}}]}<\/script>\n<!-- \/ Yoast SEO plugin. -->","yoast_head_json":{"title":"Kontaktieren Sie uns - Shahham f\u00fcr Geb\u00e4udereinigung","robots":{"index":"index","follow":"follow","max-snippet":"max-snippet:-1","max-image-preview":"max-image-preview:large","max-video-preview":"max-video-preview:-1"},"canonical":"https:\/\/xn--gebudereinigung-shahham-x7b.de\/index.php\/kontaktiere-uns\/","og_locale":"en_US","og_type":"article","og_title":"Kontaktieren Sie uns - Shahham f\u00fcr Geb\u00e4udereinigung","og_description":"kostenlosen Kostenvoranschlag erhalten Z\u00f6gern Sie nicht, uns zu kontaktieren Phone 01729145658 Email info@geb\u00e4udereinigung-shahham.de","og_url":"https:\/\/xn--gebudereinigung-shahham-x7b.de\/index.php\/kontaktiere-uns\/","og_site_name":"Shahham f\u00fcr Geb\u00e4udereinigung","article_modified_time":"2023-04-05T00:04:57+00:00","twitter_card":"summary_large_image","schema":{"@context":"https:\/\/schema.org","@graph":[{"@type":"WebPage","@id":"https:\/\/xn--gebudereinigung-shahham-x7b.de\/index.php\/kontaktiere-uns\/","url":"https:\/\/xn--gebudereinigung-shahham-x7b.de\/index.php\/kontaktiere-uns\/","name":"Kontaktieren Sie uns - Shahham f\u00fcr Geb\u00e4udereinigung","isPartOf":{"@id":"https:\/\/xn--gebudereinigung-shahham-x7b.de\/#website"},"datePublished":"2023-03-15T14:53:52+00:00","dateModified":"2023-04-05T00:04:57+00:00","breadcrumb":{"@id":"https:\/\/xn--gebudereinigung-shahham-x7b.de\/index.php\/kontaktiere-uns\/#breadcrumb"},"inLanguage":"en-US","potentialAction":[{"@type":"ReadAction","target":["https:\/\/xn--gebudereinigung-shahham-x7b.de\/index.php\/kontaktiere-uns\/"]}]},{"@type":"BreadcrumbList","@id":"https:\/\/xn--gebudereinigung-shahham-x7b.de\/index.php\/kontaktiere-uns\/#breadcrumb","itemListElement":[{"@type":"ListItem","position":1,"name":"Home","item":"https:\/\/xn--gebudereinigung-shahham-x7b.de\/"},{"@type":"ListItem","position":2,"name":"Kontaktieren Sie uns"}]},{"@type":"WebSite","@id":"https:\/\/xn--gebudereinigung-shahham-x7b.de\/#website","url":"https:\/\/xn--gebudereinigung-shahham-x7b.de\/","name":"Shahham F\u00fcr Geb\u00e4udereinigung","description":"Shahham f\u00fcr Geb\u00e4udereinigung ist Ihr professioneller Geb\u00e4udereinigungsdienstleister. Wir bieten Ihnen einen umfassenden Service f\u00fcr alle Arten von Reinigungen","publisher":{"@id":"https:\/\/xn--gebudereinigung-shahham-x7b.de\/#organization"},"potentialAction":[{"@type":"SearchAction","target":{"@type":"EntryPoint","urlTemplate":"https:\/\/xn--gebudereinigung-shahham-x7b.de\/?s={search_term_string}"},"query-input":{"@type":"PropertyValueSpecification","valueRequired":true,"valueName":"search_term_string"}}],"inLanguage":"en-US"},{"@type":"Organization","@id":"https:\/\/xn--gebudereinigung-shahham-x7b.de\/#organization","name":"Shahham F\u00fcr Geb\u00e4udereinigung","url":"https:\/\/xn--gebudereinigung-shahham-x7b.de\/","logo":{"@type":"ImageObject","inLanguage":"en-US","@id":"https:\/\/xn--gebudereinigung-shahham-x7b.de\/#\/schema\/logo\/image\/","url":"https:\/\/xn--gebudereinigung-shahham-x7b.de\/wp-content\/uploads\/2023\/03\/559D9918-3B2D-4F88-B318-41294622A6E7.png","contentUrl":"https:\/\/xn--gebudereinigung-shahham-x7b.de\/wp-content\/uploads\/2023\/03\/559D9918-3B2D-4F88-B318-41294622A6E7.png","width":648,"height":1012,"caption":"Shahham F\u00fcr Geb\u00e4udereinigung"},"image":{"@id":"https:\/\/xn--gebudereinigung-shahham-x7b.de\/#\/schema\/logo\/image\/"}}]}},"_links":{"self":[{"href":"https:\/\/xn--gebudereinigung-shahham-x7b.de\/index.php\/wp-json\/wp\/v2\/pages\/93","targetHints":{"allow":["GET"]}}],"collection":[{"href":"https:\/\/xn--gebudereinigung-shahham-x7b.de\/index.php\/wp-json\/wp\/v2\/pages"}],"about":[{"href":"https:\/\/xn--gebudereinigung-shahham-x7b.de\/index.php\/wp-json\/wp\/v2\/types\/page"}],"author":[{"embeddable":true,"href":"https:\/\/xn--gebudereinigung-shahham-x7b.de\/index.php\/wp-json\/wp\/v2\/users\/1"}],"replies":[{"embeddable":true,"href":"https:\/\/xn--gebudereinigung-shahham-x7b.de\/index.php\/wp-json\/wp\/v2\/comments?post=93"}],"version-history":[{"count":20,"href":"https:\/\/xn--gebudereinigung-shahham-x7b.de\/index.php\/wp-json\/wp\/v2\/pages\/93\/revisions"}],"predecessor-version":[{"id":283,"href":"https:\/\/xn--gebudereinigung-shahham-x7b.de\/index.php\/wp-json\/wp\/v2\/pages\/93\/revisions\/283"}],"wp:attachment":[{"href":"https:\/\/xn--gebudereinigung-shahham-x7b.de\/index.php\/wp-json\/wp\/v2\/media?parent=93"}],"curies":[{"name":"wp","href":"https:\/\/api.w.org\/{rel}","templated":true}]}}